{"id":320,"date":"2024-01-30T04:32:51","date_gmt":"2024-01-30T07:32:51","guid":{"rendered":"https:\/\/leandro.leandrus.com.br\/?post_type=product&#038;p=320"},"modified":"2025-07-31T04:53:29","modified_gmt":"2025-07-31T07:53:29","slug":"balestra-de-defesa","status":"publish","type":"product","link":"https:\/\/leandro.leandrus.com.br\/index.php\/produto\/balestra-de-defesa\/","title":{"rendered":"Balestra de Defesa ou Ca\u00e7a"},"content":{"rendered":"<p class=\"ui-pdp-description__content\"><strong>BALESTRA PARA DEFESA OU CA\u00c7A<\/strong><br \/>\nEste \u00e9 um tipo de balestra de pistola, o gatilho oferece muita seguran\u00e7a, sem d\u00favida uma das melhores op\u00e7\u00f5es para quem est\u00e1 pensando em come\u00e7ar na arquearia.<br \/>\nSeu peso \u00e9 leve, o que garante um equipamento compacto e ideal para atividades de lazer ou impacto.<br \/>\nPossui mira ajust\u00e1vel e trava de seguran\u00e7a semi-autom\u00e1tica e pode ser substitu\u00edda por miras do tipo red dot ou at\u00e9 mesmo lunetas.<br \/>\n<strong>IMPORTANTE: Efetuar disparos sem flecha danifica o produto.<\/strong><\/p>\n<p><strong>Caracter\u00edsticas:<\/strong><br \/>\nMaterial: Pol\u00edmero<br \/>\nCor: Preto<br \/>\nVelocidade: 121 FPS (37 m\/s)<br \/>\nPot\u00eancia: 22,7 kg<br \/>\nComprimento Total: 32,5 cm<br \/>\nAlcance M\u00e1ximo: 30 m<br \/>\nPeso: 399 gramas<br \/>\nDimens\u00f5es da embalagem (AxLxC): 5x43x26 cm<br \/>\nPeso da embalagem: 558 gramas<\/p>\n<p><strong>Na embalagem cont\u00e9m:<\/strong><br \/>\n01 &#8211; Balestra<br \/>\n05 &#8211; Flechas 6,5 pol. de pl\u00e1stico com ponta de metal.<\/p>\n","protected":false},"excerpt":{"rendered":"<p><strong>IMPORTANTE: Efetuar disparos sem flecha danifica o produto.<\/strong><\/p>\n","protected":false},"featured_media":322,"comment_status":"open","ping_status":"closed","template":"","meta":[],"product_cat":[37],"product_tag":[],"class_list":{"0":"post-320","1":"product","2":"type-product","3":"status-publish","4":"has-post-thumbnail","6":"product_cat-balestra","8":"first","9":"instock","10":"sale","11":"sold-individually","12":"shipping-taxable","13":"purchasable","14":"product-type-simple"},"_links":{"self":[{"href":"https:\/\/leandro.leandrus.com.br\/index.php\/wp-json\/wp\/v2\/product\/320","targetHints":{"allow":["GET"]}}],"collection":[{"href":"https:\/\/leandro.leandrus.com.br\/index.php\/wp-json\/wp\/v2\/product"}],"about":[{"href":"https:\/\/leandro.leandrus.com.br\/index.php\/wp-json\/wp\/v2\/types\/product"}],"replies":[{"embeddable":true,"href":"https:\/\/leandro.leandrus.com.br\/index.php\/wp-json\/wp\/v2\/comments?post=320"}],"wp:featuredmedia":[{"embeddable":true,"href":"https:\/\/leandro.leandrus.com.br\/index.php\/wp-json\/wp\/v2\/media\/322"}],"wp:attachment":[{"href":"https:\/\/leandro.leandrus.com.br\/index.php\/wp-json\/wp\/v2\/media?parent=320"}],"wp:term":[{"taxonomy":"product_cat","embeddable":true,"href":"https:\/\/leandro.leandrus.com.br\/index.php\/wp-json\/wp\/v2\/product_cat?post=320"},{"taxonomy":"product_tag","embeddable":true,"href":"https:\/\/leandro.leandrus.com.br\/index.php\/wp-json\/wp\/v2\/product_tag?post=320"}],"curies":[{"name":"wp","href":"https:\/\/api.w.org\/{rel}","templated":true}]}}