{"id":263,"date":"2024-01-19T03:21:05","date_gmt":"2024-01-19T06:21:05","guid":{"rendered":"https:\/\/leandro.leandrus.com.br\/?post_type=product&#038;p=263"},"modified":"2025-02-13T20:25:36","modified_gmt":"2025-02-13T23:25:36","slug":"espada-samurai-afiada","status":"publish","type":"product","link":"https:\/\/leandro.leandrus.com.br\/index.php\/produto\/espada-samurai-afiada\/","title":{"rendered":"Espada Samurai Afiada"},"content":{"rendered":"<p><strong>ESPADA DE SAMURAI A\u00c7O INOX AFIADA<\/strong><\/p>\n<ul>\n<li>Katana samurai<\/li>\n<li>Material da l\u00e2mina: A\u00e7o Inox<\/li>\n<li>Comprimento da l\u00e2mina: 50 cm<\/li>\n<li>Espessura da l\u00e2mina: 4 mm<\/li>\n<li>Comprimento do punho: 21 cm<\/li>\n<li>Peso: 501 g<\/li>\n<li>Comprimento total: 70 cm<\/li>\n<\/ul>\n","protected":false},"excerpt":{"rendered":"<p>ESPADA DE SAMURAI A\u00c7O INOX AFIADA Katana samurai Material da l\u00e2mina: A\u00e7o Inox Comprimento da l\u00e2mina: 50 cm Espessura da l\u00e2mina: 4 mm Comprimento do punho: 21 cm Peso: 501 g Comprimento total: 70 cm<\/p>\n","protected":false},"featured_media":281,"comment_status":"open","ping_status":"closed","template":"","meta":[],"product_cat":[35],"product_tag":[],"class_list":{"0":"post-263","1":"product","2":"type-product","3":"status-publish","4":"has-post-thumbnail","6":"product_cat-espada","8":"first","9":"instock","10":"sale","11":"sold-individually","12":"shipping-taxable","13":"purchasable","14":"product-type-simple"},"_links":{"self":[{"href":"https:\/\/leandro.leandrus.com.br\/index.php\/wp-json\/wp\/v2\/product\/263","targetHints":{"allow":["GET"]}}],"collection":[{"href":"https:\/\/leandro.leandrus.com.br\/index.php\/wp-json\/wp\/v2\/product"}],"about":[{"href":"https:\/\/leandro.leandrus.com.br\/index.php\/wp-json\/wp\/v2\/types\/product"}],"replies":[{"embeddable":true,"href":"https:\/\/leandro.leandrus.com.br\/index.php\/wp-json\/wp\/v2\/comments?post=263"}],"wp:featuredmedia":[{"embeddable":true,"href":"https:\/\/leandro.leandrus.com.br\/index.php\/wp-json\/wp\/v2\/media\/281"}],"wp:attachment":[{"href":"https:\/\/leandro.leandrus.com.br\/index.php\/wp-json\/wp\/v2\/media?parent=263"}],"wp:term":[{"taxonomy":"product_cat","embeddable":true,"href":"https:\/\/leandro.leandrus.com.br\/index.php\/wp-json\/wp\/v2\/product_cat?post=263"},{"taxonomy":"product_tag","embeddable":true,"href":"https:\/\/leandro.leandrus.com.br\/index.php\/wp-json\/wp\/v2\/product_tag?post=263"}],"curies":[{"name":"wp","href":"https:\/\/api.w.org\/{rel}","templated":true}]}}