{"id":251,"date":"2024-01-19T02:00:28","date_gmt":"2024-01-19T05:00:28","guid":{"rendered":"https:\/\/leandro.leandrus.com.br\/?post_type=product&#038;p=251"},"modified":"2025-02-13T20:29:59","modified_gmt":"2025-02-13T23:29:59","slug":"spray-de-pimenta","status":"publish","type":"product","link":"https:\/\/leandro.leandrus.com.br\/index.php\/produto\/spray-de-pimenta\/","title":{"rendered":"Spray de Defesa de Pimenta"},"content":{"rendered":"<p>100% PARA SUA DEFESA<br \/>\n<strong>Imobilizador contra brigas, tarados, animais ferozes e outros ataques.<\/strong><\/p>\n<p><strong>SPRAY DE PIMENTA EXTRA FORTE 110ml<\/strong><br \/>\nEste \u00e9 um dos spray de pimenta mais potente j\u00e1 desenvolvido!<br \/>\nTrata-se de uma marca conhecida mundialmente pela efici\u00eancia.<br \/>\nIdeal para for\u00e7as de seguran\u00e7a e para o uso em defesa pessoal.<br \/>\n<strong>Seu efeito neutraliza e paralisa o oponente por uns 15 minutos ou mais.<\/strong><\/p>\n<p><strong>DESCRI\u00c7\u00c3O DO PRODUTO:<\/strong><br \/>\n&#8211; Original;<br \/>\n&#8211; Cont\u00e9m 110ml;<br \/>\n&#8211; Possui trava de seguran\u00e7a que evita acionamentos acidentais;<br \/>\n&#8211; Jato alcan\u00e7a at\u00e9 2 metros de distancia;<br \/>\n&#8211; Leve e f\u00e1cil de usar;<br \/>\n&#8211; Produto importado;<br \/>\n\u2022 Ant\u00eddoto: lave com \u00e1gua ou soro fisiol\u00f3gico em abund\u00e2ncia (n\u00e3o coce)<\/p>\n<p><strong>OBSERVA\u00c7\u00d5ES<\/strong><br \/>\n&#8211; N\u00e3o teste em ambientes fechados, por ser muito forte o spray satura o local por aproximadamente 30 minutos.<br \/>\n&#8211; Gera ard\u00eancia forte em qualquer parte do rosto.<br \/>\n&#8211; Em caso de contato com os olhos, n\u00e3o coce os olhos e lave-os abundantemente com\u00a0\u00e1gua ou soro fisiol\u00f3gico,<b> do contrario poder\u00e1 causar danos \u00e0 vis\u00e3o e queimadura na retina.<br \/>\n<\/b>&#8211; Evite usar em assalto a m\u00e3o armada, por mais que o assaltante ficar\u00e1 desorientado e sem enxergar, ele ainda poder\u00e1 disparar a arma aleatoriamente.<\/p>\n","protected":false},"excerpt":{"rendered":"<ul>\n<li><strong>Imobilizador contra brigas, tarados, animais ferozes e outros ataques.<\/strong><\/li>\n<li>Seu efeito neutraliza e paralisa o oponente por uns 15 minutos ou mais.<\/li>\n<li>Em caso de contato com os olhos, n\u00e3o coce os olhos e lave-os abundantemente com \u00e1gua ou soro fisiol\u00f3gico,<b> do contrario poder\u00e1 causar danos \u00e0 vis\u00e3o e queimadura na retina.<\/b><\/li>\n<\/ul>\n","protected":false},"featured_media":252,"comment_status":"open","ping_status":"closed","template":"","meta":[],"product_cat":[34],"product_tag":[],"class_list":{"0":"post-251","1":"product","2":"type-product","3":"status-publish","4":"has-post-thumbnail","6":"product_cat-spray-de-defesa","8":"first","9":"instock","10":"sale","11":"sold-individually","12":"shipping-taxable","13":"purchasable","14":"product-type-simple"},"_links":{"self":[{"href":"https:\/\/leandro.leandrus.com.br\/index.php\/wp-json\/wp\/v2\/product\/251","targetHints":{"allow":["GET"]}}],"collection":[{"href":"https:\/\/leandro.leandrus.com.br\/index.php\/wp-json\/wp\/v2\/product"}],"about":[{"href":"https:\/\/leandro.leandrus.com.br\/index.php\/wp-json\/wp\/v2\/types\/product"}],"replies":[{"embeddable":true,"href":"https:\/\/leandro.leandrus.com.br\/index.php\/wp-json\/wp\/v2\/comments?post=251"}],"wp:featuredmedia":[{"embeddable":true,"href":"https:\/\/leandro.leandrus.com.br\/index.php\/wp-json\/wp\/v2\/media\/252"}],"wp:attachment":[{"href":"https:\/\/leandro.leandrus.com.br\/index.php\/wp-json\/wp\/v2\/media?parent=251"}],"wp:term":[{"taxonomy":"product_cat","embeddable":true,"href":"https:\/\/leandro.leandrus.com.br\/index.php\/wp-json\/wp\/v2\/product_cat?post=251"},{"taxonomy":"product_tag","embeddable":true,"href":"https:\/\/leandro.leandrus.com.br\/index.php\/wp-json\/wp\/v2\/product_tag?post=251"}],"curies":[{"name":"wp","href":"https:\/\/api.w.org\/{rel}","templated":true}]}}