{"id":187,"date":"2023-01-30T21:12:40","date_gmt":"2023-01-31T00:12:40","guid":{"rendered":"https:\/\/leandro.leandrus.com.br\/?page_id=187"},"modified":"2024-12-26T15:55:21","modified_gmt":"2024-12-26T18:55:21","slug":"sobre-a-rsd","status":"publish","type":"page","link":"https:\/\/leandro.leandrus.com.br\/index.php\/sobre-a-rsd\/","title":{"rendered":"Sobre"},"content":{"rendered":"\t\t<div data-elementor-type=\"wp-page\" data-elementor-id=\"187\" class=\"elementor elementor-187\">\n\t\t\t\t\t\t<section class=\"elementor-section elementor-top-section elementor-element elementor-element-3a4c081 elementor-section-boxed elementor-section-height-default elementor-section-height-default\" data-id=\"3a4c081\" data-element_type=\"section\">\n\t\t\t\t\t\t<div class=\"elementor-container elementor-column-gap-default\">\n\t\t\t\t\t<div class=\"elementor-column elementor-col-100 elementor-top-column elementor-element elementor-element-3f96d99\" data-id=\"3f96d99\" data-element_type=\"column\">\n\t\t\t<div class=\"elementor-widget-wrap elementor-element-populated\">\n\t\t\t\t\t\t<div class=\"elementor-element elementor-element-e82e9ad elementor-widget elementor-widget-heading\" data-id=\"e82e9ad\" data-element_type=\"widget\" data-widget_type=\"heading.default\">\n\t\t\t\t<div class=\"elementor-widget-container\">\n\t\t\t\t\t<h4 class=\"elementor-heading-title elementor-size-default\">Minha loja \u00e9 sobre moda, sobreviv\u00eancia e lifestyle.<br><br>Eu disponibilizo itens que recomendo, e que tamb\u00e9m comprei para utilizar no meu dia a dia.<br><br>Pode variar entre roupas, t\u00eanis, canivetes, espadas, armas de press\u00e3o, artefatos de defesa, filtros e artigos de sobreviv\u00eancia, itens de esportes como patins e etc.<\/h4>\t\t\t\t<\/div>\n\t\t\t\t<\/div>\n\t\t\t\t\t<\/div>\n\t\t<\/div>\n\t\t\t\t\t<\/div>\n\t\t<\/section>\n\t\t\t\t<\/div>\n\t\t","protected":false},"excerpt":{"rendered":"<p>Minha loja \u00e9 sobre moda, sobreviv\u00eancia e lifestyle. Eu disponibilizo itens que recomendo, e que tamb\u00e9m comprei para utilizar no meu dia a dia. Pode variar entre roupas, t\u00eanis, canivetes, espadas, armas de press\u00e3o, artefatos de defesa, filtros e artigos de sobreviv\u00eancia, itens de esportes como patins e etc.<\/p>\n","protected":false},"author":1,"featured_media":0,"parent":0,"menu_order":0,"comment_status":"closed","ping_status":"closed","template":"","meta":{"footnotes":""},"class_list":["post-187","page","type-page","status-publish","hentry"],"_links":{"self":[{"href":"https:\/\/leandro.leandrus.com.br\/index.php\/wp-json\/wp\/v2\/pages\/187","targetHints":{"allow":["GET"]}}],"collection":[{"href":"https:\/\/leandro.leandrus.com.br\/index.php\/wp-json\/wp\/v2\/pages"}],"about":[{"href":"https:\/\/leandro.leandrus.com.br\/index.php\/wp-json\/wp\/v2\/types\/page"}],"author":[{"embeddable":true,"href":"https:\/\/leandro.leandrus.com.br\/index.php\/wp-json\/wp\/v2\/users\/1"}],"replies":[{"embeddable":true,"href":"https:\/\/leandro.leandrus.com.br\/index.php\/wp-json\/wp\/v2\/comments?post=187"}],"version-history":[{"count":22,"href":"https:\/\/leandro.leandrus.com.br\/index.php\/wp-json\/wp\/v2\/pages\/187\/revisions"}],"predecessor-version":[{"id":397,"href":"https:\/\/leandro.leandrus.com.br\/index.php\/wp-json\/wp\/v2\/pages\/187\/revisions\/397"}],"wp:attachment":[{"href":"https:\/\/leandro.leandrus.com.br\/index.php\/wp-json\/wp\/v2\/media?parent=187"}],"curies":[{"name":"wp","href":"https:\/\/api.w.org\/{rel}","templated":true}]}}